-3*z**2 + 2*z + 1. Let i be r(-1). Calculate n(i).
8
Let l = 7 + -4. Suppose 6 = -3*i, 4*x + x - 14 = -l*i. Let j(p) = p**2 - 4*p - 2. Give j(x).
-2
Let x(c) = -c**3 + c**2 - 1. Let p be x(0). Let y = 1 + 1. Let h = p + y. Let k(j) = 5*j + 1. Determine k(h).
6
Let g(o) = -1 + 1 + 14*o - 13*o - 1. Determine g(9).
8
Let d(k) be the second derivative of 0*k**2 - 1/6*k**3 - 1/12*k**4 - 3*k + 0. Determine d(-3).
-6
Let o(a) = a**3 + a**2 + 1. Let j = 1 - 0. Suppose 4*r - 5 = -j. Let p(i) = 7*i**3 + 8*i**2 - i + 8. Let n(l) = r*p(l) - 6*o(l). What is n(-3)?
-4
Let t(p) = p**2 - 7*p + 9. Let d be -2 + 19 - (2 - 2). Let f = d + -11. Calculate t(f).
3
Suppose 5*a - 7 - 18 = 0. Let o(b) = -b**3 + 5*b**2 + 2*b - 4. Determine o(a).
6
Let m(n) = n**3 - 2*n**2 - 2*n + 1. Let p(g) = -g**3 + g**2 + 3*g. Let z(q) = 3*m(q) + 2*p(q). Let x be z(3). Let r(k) = k**3 + 6*k**2 + 1. Give r(x).
1
Let z be 4 + 2 + -1 - -3. Let i be (2/z)/((-2)/(-16)). Let r(b) = -b**i - 2*b - 1 - 3 + 1 + 5. Determine r(-3).
-1
Let d = -3 - -2. Let b(l) be the second derivative of 1/12*l**4 + 0 + 0*l**2 + 1/6*l**3 - l. Determine b(d).
0
Let j(x) = -3*x + 5*x - 3*x. Give j(0).
0
Let y(u) = -u - 8. Suppose 3*k - 23 = 2*l, 0 = 2*k + 5*l - 0*l - 9. Determine y(k).
-15
Let f(a) = -6*a + 2. Let w(b) = -3*b + 1. Suppose -11 + 1 = 5*k. Let v(t) = k*f(t) + 5*w(t). Give v(-2).
7
Suppose 43 = 17*c - 8. Let k(l) be the third derivative of l**6/120 - l**5/30 + l**4/24 + l**2. Give k(c).
12
Let f(p) = p**3 - 2*p**2 + 2*p + 1. Let n(w) = w**3 - 5*w**2 + 4*w - 2. Let b be n(2). Let h be (b/(-9))/(1/3). Give f(h).
5
Let f(c) = 2*c**2 + 1 + 2*c - 5*c**2 + 4*c**2 + 3*c**3. Let v be f(-1). Let h(t) be the second derivative of t**4/12 - 3*t**2/2 + 4*t. Calculate h(v).
6
Let m(p) be the third derivative of p**4/6 - p**3/6 + 4*p**2. Suppose -4*z = -z + 9. Let k(i) = i**3 + 2*i**2 - 3*i + 2. Let c be k(z). Calculate m(c).
7
Suppose 0 = -15*j + 21*j + 42. Let y(k) = k**2 + 6*k - 9. Calculate y(j).
-2
Let m(v) = -4*v**2 - 2*v - 2. Let r(j) = j + 9. Let u be r(-5). Suppose 4*f + 20 = -u*c, 3*c - 4*f + f - 3 = 0. What is m(c)?
-14
Let t(y) = -y**2 + y**2 + 4 + y + y**3. Let c(p) = -3*p - 1. Let h be c(-1). Suppose -q = h*q. What is t(q)?
4
Let x(y) be the first derivative of 5/2*y**2 + 1 + 2*y. Calculate x(-3).
-13
Let w(q) = q**2 + 5*q - 12. Let u be w(-7). Let m(h) be the first derivative of -7/4*h**4 - 1/3*h**3 - u + 0*h + 0*h**2. Calculate m(-1).
6
Let i(t) = 5*t + 9. Let c(s) be the third derivative of 3*s**4/8 + 17*s**3/6 - s**2. Let a(b) = -6*c(b) + 11*i(b). Give a(5).
2
Let g(m) = -4*m**2. Suppose 7*r - 2 = 9*r. What is g(r)?
-4
Let c(v) = v - 4. Let d be (-4)/8*4 + 5. Calculate c(d).
-1
Let k = 38 + -37. Let v(t) = -16*t**2 + 1. Give v(k).
-15
Let i = -20 + 23. Let s(o) = -i*o + 0 + 1 + 3. Give s(4).
-8
Let g be (-9)/(-6) - 2 - 33/(-6). Let i(l) be the first derivative of -l**2 + 4*l - 1. Calculate i(g).
-6
Let w(j) be the third derivative of j**6/360 + j**5/120 + j**3/3 - j**2. Let a(v) be the first derivative of w(v). Calculate a(-3).
6
Let w(y) be the second derivative of -2*y**3/3 - y**2/2 - 145*y. Suppose 12 = -4*d - 4*q, -d - 5*q = -2*d + 9. Give w(d).
3
Let a(b) = -2*b + 3*b**2 + 608*b**3 + 4*b - 609*b**3 - 2. Let r be (-3 - (-1 + 1))*-1. Let y(p) = 2*p - 3. Let j be y(r). What is a(j)?
4
Let d(l) = 3*l**2 - 3*l**3 + 6*l**3 - 3*l - 4*l**3 + l + 3. Calculate d(2).
3
Let o(t) be the third derivative of -2*t**2 + 0 + 0*t + 1/120*t**6 - 1/12*t**4 + 1/20*t**5 - 1/6*t**3. What is o(-2)?
7
Let i = 33 + -25. Let v(p) = -p**3 + 7*p**2 + 9*p - 5. Calculate v(i).
3
Suppose -f - 1 = -2. Let q be -1*(-1 - (f + -1)). Let g(h) be the second derivative of h**5/20 + h**4/12 - h**3/6 - 11*h. Give g(q).
1
Let i(c) = c**2 - 4*c + 2. Let d be i(2). Let b(k) = -k**3 - 2*k**2 + 3*k + 4. Let z be b(-3). Let o(g) = -2*g + z - 3*g**2 + g**2 + 0*g - 6. Calculate o(d).
-6
Let w(d) be the second derivative of d**3/6 + 5*d**2/2 - 8*d. Calculate w(-4).
1
Let n be 3 - (-1 + 4)/3. Let f(s) = -2 - 2 + 6*s + 1 + n. What is f(-1)?
-7
Let v(m) = -2*m**2 + 2*m - 1. Let s = -56 - -58. What is v(s)?
-5
Let k(g) = 10*g + 1. Let x be (0 - 3)/3*6. Let j = x - -15. Let y = j + -8. Calculate k(y).
11
Suppose -2*n + 32 = -0*n. Let d = -22 + n. Let c(k) be the second derivative of -k**5/20 - k**4/2 - k**3/3 - 7*k**2/2 - 25*k - 5. What is c(d)?
5
Let j(n) = -n**3 - 2*n**2 - n - 2. Let m be 6 - 0 - (3 + 1). Suppose m*y + 1 + 3 = 0. Give j(y).
0
Let n(b) be the second derivative of -b**3/6 - b**2/2 + b. Let q be (-3)/6 + (-18)/4. Let i(y) = y**2 + 4*y - 5. Let l be i(q). Calculate n(l).
-1
Let j(g) = -g**2 - g. Let m(s) = -s**3 + 2*s - 6. Suppose -2 - 2 = -y. Let z(b) = y*j(b) + m(b). What is z(-4)?
2
Let b(a) = 2*a + 2*a - 1 - 5*a. Calculate b(3).
-4
Let s(k) be the third derivative of -k**8/20160 + k**7/5040 + k**6/240 - k**5/30 - 3*k**2. Let j(p) be the third derivative of s(p). Determine j(-3).
-9
Let w(n) = -n + 1. Suppose -4 = 3*q + 8. Let f(b) = 12*b - 5. Let l(c) = q*w(c) - f(c). Determine l(-1).
9
Let l(a) be the second derivative of a**4/4 - a**3/2 - 2*a**2 + 43*a. Give l(3).
14
Let o be 48/(-2) + (2 - -1). Let i be 2/(-3 - o/6). Let j = i - 6. Let w(m) = 2*m. Give w(j).
-4
Let b(o) be the third derivative of -2*o**2 - o**3 + 0 - 1/60*o**5 + 1/4*o**4 + 0*o. Determine b(5).
-1
Suppose 0 = 5*h - 0*h - 25. Let x(k) = -h - 1 - 3*k + 4*k. What is x(6)?
0
Let a(j) = 1 - j - 4 + 4 + 0*j. What is a(-2)?
3
Let i(z) = z**2 + 6*z + 4. Suppose 16 = -2*l + 5*n - 5, n - 15 = -5*l. Suppose 0 = -p + 2*j - 14, -2*p - 4*j + l + 2 = 0. Determine i(p).
4
Let m be (1 - 2)*(4 - 1). Let b be (4 + m)*3*1. Let f(g) = 0 + 2 - 3*g - 3*g**2 - b + 2*g. Give f(-1).
-3
Let s be (-6 + 6)*2/2. Let i(c) = -2 + 9*c**3 + c**2 + 3 + 2*c + 2*c**3 + s. Suppose 2*m = 3*m + 1. Calculate i(m).
-11
Let y(w) = 3*w**2 + 3*w. Let m(i) = i**3 + 3*i**2 - 2*i - 4. Let s be m(-3). Let j(c) = -1 - 1 + c - s*c. Let u be j(0). Calculate y(u).
6
Let p(v) be the second derivative of v**6/144 - v**4/6 + v. Let c(d) be the third derivative of p(d). Let r = -68 + 67. Give c(r).
-5
Let j(m) = m**3 + 3*m**2 - 4*m - 1. Suppose 4*l - y = y - 24, 32 = -5*l + 3*y. Determine j(l).
-1
Let d(k) = k**3 - 3*k**2 + k - 3. Let u = 18 + -15. Suppose -4*l + u = -3*l. Determine d(l).
0
Let g(l) be the first derivative of -3 + 5/2*l**2 + 1/3*l**3 - 10*l. Calculate g(-7).
4
Suppose 2*f = 3*g, -5 = g + 4*g - 5*f. Let b(r) = 1 + r**3 - 2*r + 0*r + g*r**2 + 0*r**2. Give b(-3).
-2
Let j be 4 + -8 + (-3)/((-3)/2). Let x(i) = -i**3 - 4*i**2 - 3*i - 1. Determine x(j).
-3
Let f(n) = 2*n - 4. Let p(l) = 2*l - 3. Let a(z) = 3*f(z) - 4*p(z). Let o be 3 - (-2)/4*0. Determine a(o).
-6
Suppose 3*w + 7 = 2*v, 17 = -3*w + 5*v - v. Let m(r) = -7*r**3 + r**2 + r - 1. Determine m(w).
-6
Let b(s) = -4*s**2 + s. Suppose -3*n + 37 = 13. Suppose -4 - n = -4*t. Let z = t + -2. Calculate b(z).
-3
Let s(c) be the third derivative of -c**4/12 + c**3/3 + 18*c**2. Suppose -168 = -3*m - 2*h + h, -2*h - 6 = 0. Let k be m/12 + 2/8. What is s(k)?
-8
Let p(k) = k. Let o(r) = 3*r - 1. Suppose w + 8 = q, -w = 6*q - 2*q - 32. Let n = -6 + q. Let d(h) = n*p(h) - o(h). Give d(-6).
7
Suppose -3*k + 3 = -9. Suppose k*v - 2*v = -2. Let m(t) = 3*t**2 - 2 + 2 - t - 1. What is m(v)?
3
Let w(m) be the third derivative of 7/6*m**3 - 5/24*m**4 + 0 - 1/10*m**5 - 1/120*m**6 + 2*m**2 + 0*m. What is w(-5)?
7
Let r be (-1)/(-3) + (-118)/(-6). Suppose y - 5*y = r. Let h(k) be the third derivative of -k**6/120 - k**5/12 - k**4/24 + k**3/6 + 6*k**2. What is h(y)?
6
Let k(a) be the third derivative of -a**5/20 - a**4/8 + 2*a**3/3 - a**2. Suppose 6*c - 12 = 3*c. Let q(j) = -j**2 + 1. Let x(o) = c*q(o) - k(o). Give x(4).
-4
Let d(x) = 13*x - 2. Let k(p) = 12*p - 1. Let h(m) = -2*d(m) + 3*k(m). Suppose 0 = -4*s + 6 - 2. What is h(s)?
11
Let s(h) = -h - 1. Let d = 25 - 18. Suppose -3 = -5*r + d. Suppose -x = -r*x. What is s(x)?
-1
Let u be 65/9 + 2/(-9). Let c(p) = 6*p - u*p + 7*p. Determine c(1).
6
Suppose -29 = -3*q + g - 8, 5*g = 3*q - 9. Let l = q - 8. Let u(y) = l*y + 0 + 0 + y + 1. Give u(0).
1
Let b(h) = -h**2 - 6*h. Let y be b(-5). Suppose 19 + y = -4*d. Let t(m) = -m + 1. Give t(d).
7
Let u(p) = 3*p - p + 6 - p**3 + 3*p - 13 - 5*p**2. Give u(-6).
-1
Let d(g)